ors of r.
2, 17
Let x(b) = b**2 + 8*b - 26. Let u be x(6). Let a = u + 176. List the prime factors of a.
2, 3, 13
Let c(r) = r + 2. Let m be c(10). Suppose -j = 2*j - m. What are the prime factors of j?
2
Let y(b) = 3 + 11*b**2 - 3 + 3*b. Let z(k) = -k**3 + 5*k**2 - 2*k - 2. Let g be z(0). What are the prime factors of y(g)?
2, 19
Suppose -r = 2*s - 466 - 208, 5*s + 5*r - 1675 = 0. Suppose 0 = -5*t - 4*x + 2*x + s, 12 = -4*x. List the prime factors of t.
3, 23
Let r be 11/6 + (-3)/(-18). Suppose -2*v = -5*a - 16, -4*v + 3*a = -r*a - 32. What are the prime factors of v?
2
Suppose 0*a = 2*a - 9*a. Let r(k) = k**3 - k**2 - k + 26. What are the prime factors of r(a)?
2, 13
Suppose 0*y - 16 = -4*y. What are the prime factors of y?
2
List the prime factors of (-5)/90*-6 + (-6170)/(-3).
11, 17
Suppose 10*j - 65875 + 17695 = 0. What are the prime factors of j?
2, 3, 11, 73
Suppose -17001 = -16*c - 5033. List the prime factors of c.
2, 11, 17
Suppose 4*k + 48 = 6*k. Let i = -23 + k. Suppose -i = 3*b - 22. List the prime factors of b.
7
Let b be 0 + 9 - 8/(-4). Let g = 5 - -4. Let i = b - g. What are the prime factors of i?
2
Let i(r) = r**3 + 9*r**2 + 10*r + 11. Suppose 5*t - 47 = 4*z, z + z - 4*t = -28. Let a be i(z). Let c = a + 13. List the prime factors of c.
2
Let q(r) = r**2 - 3*r - 1. Let s be q(4). Let h(u) = -2*u - 16. Let c be h(-9). List the prime factors of c/s*348/8.
29
Suppose -5*p - 12 = -b - 0*p, b + 4 = -3*p. Suppose 0*f - b*f = -348. Suppose -f = -7*z + 22. List the prime factors of z.
2, 7
Suppose y + y + 182 = 5*a, 0 = 2*y + 2. Suppose 0 = r + 3*r + a. Let q(n) = -n**2 - 13*n - 12. What are the prime factors of q(r)?
2, 3
Let m = 616 - 326. What are the prime factors of m?
2, 5, 29
Let x = 727 + -438. List the prime factors of x.
17
Let u = 2065 - 409. List the prime factors of u.
2, 3, 23
Let b = 226 - -1496. What are the prime factors of b?
2, 3, 7, 41
Suppose -5*q + 4*r - 19 = 25, 2*q = -5*r - 44. Let y be 4/q - (-32)/(-12). List the prime factors of (-2 + 42 + y)*1.
37
Suppose 31*u - 27*u - 432 = 0. List the prime factors of u.
2, 3
Let n = 543 + -273. Suppose 3*x - 2*j + n = 7*x, 3*j + 9 = 0. List the prime factors of x.
3, 23
Let m(b) = 127*b**2 - 16*b - 20. List the prime factors of m(-3).
1171
Let n be ((-1 - 10)/(-1))/1. Let a(z) = 6*z + 11. What are the prime factors of a(n)?
7, 11
Let m(l) = -l + 17. Let k(r) = r. Let z(n) = -n**2 - 4*n - 14. Let h(c) = -5*k(c) + z(c). Let t be h(-7). What are the prime factors of m(t)?
17
Suppose 4*y - 690 = 62. Let m = -123 + y. List the prime factors of m.
5, 13
Let n(t) = 3*t**2 + 2*t - 1. Let b be n(-2). Suppose -2*z + b = -1. Let m(s) = 5*s. What are the prime factors of m(z)?
2, 5
Suppose -3*d + 386 = -2*r, -3*d - 3*r = -4*r - 382. List the prime factors of d.
2, 3, 7
Let c(a) = -81*a - 179. What are the prime factors of c(-17)?
2, 599
Let n be (8/2)/4*3. Let c be (n/4)/(1/(-4)). What are the prime factors of ((-58)/6 - 1)*c?
2
Let v = -310 - -595. List the prime factors of v.
3, 5, 19
Let t(s) = 552*s + 110. List the prime factors of t(2).
2, 607
Let p(b) = b - 3. Let y be p(6). Suppose 2*k - 3*k = 2*a - 78, -a - y*k = -49. List the prime factors of a.
37
What are the prime factors of 5 + -8*55*(37 - 39)?
3, 5, 59
Suppose -10*g + 204 = -186. Suppose 0 = 2*s - 227 + g. What are the prime factors of s?
2, 47
Let f = 514 + 62. What are the prime factors of f?
2, 3
Let w = -266 + 116. Let u = w + 278. What are the prime factors of u?
2
Suppose -2*x - 5*j = -2906, -1319 - 4507 = -4*x - 3*j. What are the prime factors of x?
2, 3
Let i = -390 - -740. What are the prime factors of i?
2, 5, 7
Suppose -5*t = -g - 4*g - 10400, 10396 = 5*t - 3*g. What are the prime factors of t?
2, 1039
Suppose -4*k = 4*o + 12, -k - 9 = -o + k. Let s = 93 - o. What are the prime factors of s?
2, 23
Let x(b) be the third derivative of -b**4/6 + 34*b**3/3 - 23*b**2. List the prime factors of x(6).
2, 11
Let o(f) = 6*f**2 + 11*f + 13. Let z(g) = -g**2 + 1. Let l(w) = o(w) + 5*z(w). List the prime factors of l(-12).
2, 3, 5
Suppose -2*i - 8*k + 6458 = -4*k, -i - 3*k = -3230. What are the prime factors of i?
7, 461
Suppose 6*s - 72 = 5*s. Suppose 4*d - s = 5*z + 302, -5*d - 5*z = -445. What are the prime factors of d?
7, 13
Let d(r) = -298*r + 195. List the prime factors of d(-9).
3, 7, 137
Let g(s) = -2 + 0*s + 3 - s. Let w be g(-1). Suppose 3*z - 10 = -w*z. What are the prime factors of z?
2
List the prime factors of (9/((-81)/(-2238)))/((-2)/(-6)).
2, 373
Let o(f) be the first derivative of f**4/2 - 7*f**3/3 + 2*f**2 - 6*f - 14. List the prime factors of o(5).
89
Let h = -77 + 70. Let x(i) = 3*i**2 + i + 5. List the prime factors of x(h).
5, 29
Let r = -81 + 36. Let w be 9/12 + r/(-4). Suppose -3 - w = -5*b. What are the prime factors of b?
3
Let u(l) = -l**3 - 24*l**2 - 44*l - 2. Let c be u(-22). Let g = 49 + -77. What are the prime factors of (14/g)/(c/124)?
31
Let i(a) = -2*a**2 + a + 4. Let u be i(2). Let l be 68/(-6) - 2/(-6). List the prime factors of 1/u*(-65 - l).
3
Let y(r) be the third derivative of 7*r**5/30 - 5*r**4/24 + 4*r**3/3 + 22*r**2. List the prime factors of y(-3).
149
List the prime factors of 33/33 + (-59)/(-2)*102.
2, 5, 7, 43
Suppose -2*o + 1763 = -7*o + s, 0 = s - 3. List the prime factors of o/(-24)*3/4.
11
List the prime factors of ((-1461)/(-2))/((-21)/(-28)).
2, 487
Suppose 4*j = -7*j - 132. List the prime factors of j/28 - (-6648)/28.
3, 79
Let v(l) be the first derivative of l**3/3 + 3*l**2/2 + 10*l + 20. What are the prime factors of v(-11)?
2, 7
Suppose 18*r = 30*r - 96. Suppose 0*q = -4*q - 4, 3*q = -5*n + 12. Suppose 106 = n*f - r. What are the prime factors of f?
2, 19
Let g(f) = -2*f**3 - 33*f**2 - 18*f - 6. Let s(q) = -q**3 - 16*q**2 - 9*q - 3. Let z(p) = 4*g(p) - 9*s(p). Let l = -38 + 27. List the prime factors of z(l).
5
Suppose 0 = 25*s - 27*s + 1486. List the prime factors of s.
743
Suppose y = 45 + 48. Suppose -5*v = 3*b - 2*v - y, -3*b = 4*v - 88. List the prime factors of b.
2, 3
Let b(r) = 17*r + 19. Let l be b(6). Suppose -161 = -4*z - 2*a + l, 3*a + 207 = 3*z. List the prime factors of z.
2, 5, 7
Let a = -354 + 638. What are the prime factors of a?
2, 71
Suppose 2185 = -2*w - 4*d + 6731, w = d + 2264. What are the prime factors of w?
2267
Suppose 18*d = 11*d + 9387. What are the prime factors of d?
3, 149
Let r(k) = -2*k + 1. Suppose 4*q = -5*i + 18 + 9, -q - 2*i + 6 = 0. Suppose -q = -4*y - 32. List the prime factors of r(y).
13
Suppose -4*c + 13 = -7. Suppose c*m = -j + 7, -7*j + 7 = -2*j - 3*m. Suppose -j*r = -0*r - 46. List the prime factors of r.
23
Suppose 0 = 19*a - 33*a + 2716. List the prime factors of a.
2, 97
Let y(u) = u**3 + 9*u**2 - 11*u - 11. Let o be y(-10). Let k = 1 - o. Suppose 21 = -k*r + 5*r. What are the prime factors of r?
7
Let s = 13 + -19. Suppose -t - t = -2*i + 22, 51 = 3*i + 3*t. Let d = i + s. What are the prime factors of d?
2
Let u = 2307 - 1166. List the prime factors of u.
7, 163
Let n = -283 - -9. Let o = -159 - n. List the prime factors of o.
5, 23
What are the prime factors of (-18)/(-30)*5 - -2542?
5, 509
What are the prime factors of (1191 - 75) + 1*-1?
5, 223
Suppose 2*b + 11408 = 5*c, -2*b + 7*b - 9100 = -4*c. List the prime factors of c.
2, 3, 5, 19
Suppose -3*t = -2*z + 3 + 76, -5*t + 71 = 3*z. Let l = z + -23. Let b = 42 - l. List the prime factors of b.
3, 11
Suppose 47*q - 9772 = 33*q. What are the prime factors of q?
2, 349
Let m(i) = -64*i**2 + 12*i - 1. Let u(b) = -65*b**2 + 14*b - 1. Let p(g) = -6*m(g) + 5*u(g). Suppose -3 = -2*v - 1. What are the prime factors of p(v)?
2, 29
Suppose 104 = -5*c + 3*o, 0 = -4*c + 5*o - 7 - 71. Suppose -3*b = -n - 119, -2*n = 4*b - 3*n - 159. Let l = b + c. List the prime factors of l.
2, 3
Let r(u) = -u**3 - 5*u**2 - 3*u + 4. Suppose 0 = 2*d + 7 + 1. Let q be r(d). Suppose -3*k + 95 + 16 = q. What are the prime factors of k?
37
Let m(l) = 7 - 54*l + 2*l**2 + 0*l**2 + 4 + 67*l. Let s be (-3)/((-6)/(-20)) + 1. What are the prime factors of m(s)?
2, 7
Let c(a) = a**2 - 6*a - 5. Let i be c(9). Let r = i - 26. Let y(q) = q**3 + 6*q**2 + 3*q + 1. List the prime factors of y(r).
3, 7
Suppose 17 = 5*t + s, 4*s - 1 + 9 = -t. Suppose -4 = -2*d, t*d + 56 + 22 = n. What are the prime facto